[INFO] cloning repository https://github.com/DL4AX/connorwalsh_sstv
[INFO] running `Command { std: "git" "-c" "credential.helper=" "-c" "credential.helper=/workspace/cargo-home/bin/git-credential-null" "clone" "--bare" "https://github.com/DL4AX/connorwalsh_sstv" "/workspace/cache/git-repos/https%3A%2F%2Fgithub.com%2FDL4AX%2Fconnorwalsh_sstv", kill_on_drop: false }`
[INFO] [stderr] Cloning into bare repository '/workspace/cache/git-repos/https%3A%2F%2Fgithub.com%2FDL4AX%2Fconnorwalsh_sstv'...
[INFO] running `Command { std: "git" "rev-parse" "HEAD", kill_on_drop: false }`
[INFO] [stdout] 000933569eabd9a3a7ad3edc21a9ae61dcb11a3e
[INFO] checking DL4AX/connorwalsh_sstv against master#e6e4f7ed1589e03bc2f6c5931c1a72e7947e8682 for beta-170-4
[INFO] running `Command { std: "git" "clone" "/workspace/cache/git-repos/https%3A%2F%2Fgithub.com%2FDL4AX%2Fconnorwalsh_sstv" "/workspace/builds/worker-7-tc2/source", kill_on_drop: false }`
[INFO] [stderr] Cloning into '/workspace/builds/worker-7-tc2/source'...
[INFO] [stderr] done.
[INFO] validating manifest of git repo https://github.com/DL4AX/connorwalsh_sstv on toolchain e6e4f7ed1589e03bc2f6c5931c1a72e7947e8682
[INFO] running `Command { std: CARGO_HOME="/workspace/cargo-home" RUSTUP_HOME="/workspace/rustup-home" "/workspace/cargo-home/bin/cargo" "+e6e4f7ed1589e03bc2f6c5931c1a72e7947e8682" "metadata" "--manifest-path" "Cargo.toml" "--no-deps", kill_on_drop: false }`
[INFO] started tweaking git repo https://github.com/DL4AX/connorwalsh_sstv
[INFO] finished tweaking git repo https://github.com/DL4AX/connorwalsh_sstv
[INFO] tweaked toml for git repo https://github.com/DL4AX/connorwalsh_sstv written to /workspace/builds/worker-7-tc2/source/Cargo.toml
[INFO] crate git repo https://github.com/DL4AX/connorwalsh_sstv already has a lockfile, it will not be regenerated
[INFO] running `Command { std: CARGO_HOME="/workspace/cargo-home" RUSTUP_HOME="/workspace/rustup-home" "/workspace/cargo-home/bin/cargo" "+e6e4f7ed1589e03bc2f6c5931c1a72e7947e8682" "fetch" "--manifest-path" "Cargo.toml", kill_on_drop: false }`
[INFO] running `Command { std: "docker" "create" "-v" "/var/lib/crater-agent-workspace/builds/worker-7-tc2/target:/opt/rustwide/target:rw,Z" "-v" "/var/lib/crater-agent-workspace/builds/worker-7-tc2/source:/opt/rustwide/workdir:ro,Z" "-v" "/var/lib/crater-agent-workspace/cargo-home:/opt/rustwide/cargo-home:ro,Z" "-v" "/var/lib/crater-agent-workspace/rustup-home:/opt/rustwide/rustup-home:ro,Z" "-e" "SOURCE_DIR=/opt/rustwide/workdir" "-e" "CARGO_TARGET_DIR=/opt/rustwide/target" "-e" "CARGO_HOME=/opt/rustwide/cargo-home" "-e" "RUSTUP_HOME=/opt/rustwide/rustup-home" "-w" "/opt/rustwide/workdir" "-m" "1610612736" "--user" "0:0" "--network" "none" "ghcr.io/rust-lang/crates-build-env/linux@sha256:19e73879b68f455e41552ea35293514db52ea292d993f571636dbffedb77a1ee" "/opt/rustwide/cargo-home/bin/cargo" "+e6e4f7ed1589e03bc2f6c5931c1a72e7947e8682" "metadata" "--no-deps" "--format-version=1", kill_on_drop: false }`
[INFO] [stdout] 839c41793fc49395a2d86162ffbaab6cdd48bbf3dfb814423ace02716aa51ac3
[INFO] running `Command { std: "docker" "start" "-a" "839c41793fc49395a2d86162ffbaab6cdd48bbf3dfb814423ace02716aa51ac3", kill_on_drop: false }`
[INFO] running `Command { std: "docker" "inspect" "839c41793fc49395a2d86162ffbaab6cdd48bbf3dfb814423ace02716aa51ac3", kill_on_drop: false }`
[INFO] running `Command { std: "docker" "rm" "-f" "839c41793fc49395a2d86162ffbaab6cdd48bbf3dfb814423ace02716aa51ac3", kill_on_drop: false }`
[INFO] [stdout] 839c41793fc49395a2d86162ffbaab6cdd48bbf3dfb814423ace02716aa51ac3
[INFO] running `Command { std: "docker" "create" "-v" "/var/lib/crater-agent-workspace/builds/worker-7-tc2/target:/opt/rustwide/target:rw,Z" "-v" "/var/lib/crater-agent-workspace/builds/worker-7-tc2/source:/opt/rustwide/workdir:ro,Z" "-v" "/var/lib/crater-agent-workspace/cargo-home:/opt/rustwide/cargo-home:ro,Z" "-v" "/var/lib/crater-agent-workspace/rustup-home:/opt/rustwide/rustup-home:ro,Z" "-e" "SOURCE_DIR=/opt/rustwide/workdir" "-e" "CARGO_TARGET_DIR=/opt/rustwide/target" "-e" "CARGO_INCREMENTAL=0" "-e" "RUST_BACKTRACE=full" "-e" "RUSTFLAGS=--cap-lints=forbid" "-e" "RUSTDOCFLAGS=--cap-lints=forbid" "-e" "CARGO_HOME=/opt/rustwide/cargo-home" "-e" "RUSTUP_HOME=/opt/rustwide/rustup-home" "-w" "/opt/rustwide/workdir" "-m" "1610612736" "--user" "0:0" "--network" "none" "ghcr.io/rust-lang/crates-build-env/linux@sha256:19e73879b68f455e41552ea35293514db52ea292d993f571636dbffedb77a1ee" "/opt/rustwide/cargo-home/bin/cargo" "+e6e4f7ed1589e03bc2f6c5931c1a72e7947e8682" "check" "--frozen" "--all" "--all-targets" "--message-format=json", kill_on_drop: false }`
[INFO] [stdout] 499b7601abebe220395d9f53432017d9bd14f333b7e8024a8fb006a4cc1de45c
[INFO] running `Command { std: "docker" "start" "-a" "499b7601abebe220395d9f53432017d9bd14f333b7e8024a8fb006a4cc1de45c", kill_on_drop: false }`
[INFO] [stderr]     Checking num-traits v0.2.2
[INFO] [stderr]     Checking cfg-if v0.1.2
[INFO] [stderr]     Checking nodrop v0.1.12
[INFO] [stderr]     Checking memoffset v0.2.1
[INFO] [stderr]     Checking libc v0.2.40
[INFO] [stderr]     Checking lazy_static v1.0.0
[INFO] [stderr]     Checking scopeguard v0.3.3
[INFO] [stderr]    Compiling rayon-core v1.4.0
[INFO] [stderr]     Checking adler32 v1.0.2
[INFO] [stderr]     Checking arrayvec v0.4.7
[INFO] [stderr]     Checking byteorder v1.2.2
[INFO] [stderr]     Checking crossbeam-utils v0.2.2
[INFO] [stderr]     Checking either v1.5.0
[INFO] [stderr]     Checking inflate v0.3.4
[INFO] [stderr]     Checking color_quant v1.0.0
[INFO] [stderr]     Checking lzw v0.10.0
[INFO] [stderr]     Checking deflate v0.7.18
[INFO] [stderr]     Checking bitflags v1.0.1
[INFO] [stderr]     Checking scoped_threadpool v0.1.9
[INFO] [stderr]     Checking crossbeam-epoch v0.3.1
[INFO] [stderr]     Checking gif v0.9.2
[INFO] [stderr]     Checking num_cpus v1.8.0
[INFO] [stderr]     Checking rand v0.4.2
[INFO] [stderr]     Checking crossbeam-deque v0.2.0
[INFO] [stderr]     Checking num-integer v0.1.36
[INFO] [stderr]     Checking num-traits v0.1.43
[INFO] [stderr]     Checking enum_primitive v0.1.1
[INFO] [stderr]     Checking num-iter v0.1.35
[INFO] [stderr]     Checking num-rational v0.1.42
[INFO] [stderr]     Checking png v0.11.0
[INFO] [stderr]     Checking rayon v1.0.1
[INFO] [stderr]     Checking jpeg-decoder v0.1.14
[INFO] [stderr]     Checking image v0.18.0
[INFO] [stderr]     Checking sstv v0.1.0 (/opt/rustwide/workdir)
[INFO] [stdout] error[E0432]: unresolved import `image`
[INFO] [stdout]  --> src/encode/mod.rs:3:5
[INFO] [stdout]   |
[INFO] [stdout] 3 | use image::ImageResult;
[INFO] [stdout]   |     ^^^^^ help: a similar path exists: `self::image`
[INFO] [stdout] 
[INFO] [stdout] 
[INFO] [stdout] error[E0412]: cannot find type `DynamicImage` in this scope
[INFO] [stdout]  --> src/encode/mod.rs:5:47
[INFO] [stdout]   |
[INFO] [stdout] 5 | pub fn resize_img(fname: &str) -> ImageResult<DynamicImage> {
[INFO] [stdout]   |                                               ^^^^^^^^^^^^ not found in this scope
[INFO] [stdout]   |
[INFO] [stdout] help: consider importing this enum
[INFO] [stdout]   |
[INFO] [stdout] 3 + use encode::image::DynamicImage;
[INFO] [stdout]   |
[INFO] [stdout] 
[INFO] [stdout] 
[INFO] [stdout] warning: unused doc comment
[INFO] [stdout]  --> src/encode/mod.rs:6:5
[INFO] [stdout]   |
[INFO] [stdout] 6 |     /// reads in an image
[INFO] [stdout]   |     ^^^^^^^^^^^^^^^^^^^^^ rustdoc does not generate documentation for macro invocations
[INFO] [stdout]   |
[INFO] [stdout]   = help: to document an item produced by a macro, the macro must produce the documentation as part of its expansion
[INFO] [stdout]   = note: `#[warn(unused_doc_comments)]` on by default
[INFO] [stdout] 
[INFO] [stdout] 
[INFO] [stdout] error: aborting due to 2 previous errors; 1 warning emitted
[INFO] [stdout] 
[INFO] [stdout] 
[INFO] [stdout] Some errors have detailed explanations: E0412, E0432.
[INFO] [stdout] 
[INFO] [stdout] For more information about an error, try `rustc --explain E0412`.
[INFO] [stdout] 
[INFO] [stderr] error: could not compile `sstv` (lib) due to 3 previous errors; 1 warning emitted
[INFO] [stderr] warning: build failed, waiting for other jobs to finish...
[INFO] [stdout] error[E0432]: unresolved import `image`
[INFO] [stdout]  --> src/encode/mod.rs:3:5
[INFO] [stdout]   |
[INFO] [stdout] 3 | use image::ImageResult;
[INFO] [stdout]   |     ^^^^^ help: a similar path exists: `self::image`
[INFO] [stdout] 
[INFO] [stdout] 
[INFO] [stdout] error[E0412]: cannot find type `DynamicImage` in this scope
[INFO] [stdout]  --> src/encode/mod.rs:5:47
[INFO] [stdout]   |
[INFO] [stdout] 5 | pub fn resize_img(fname: &str) -> ImageResult<DynamicImage> {
[INFO] [stdout]   |                                               ^^^^^^^^^^^^ not found in this scope
[INFO] [stdout]   |
[INFO] [stdout] help: consider importing this enum
[INFO] [stdout]   |
[INFO] [stdout] 3 + use encode::image::DynamicImage;
[INFO] [stdout]   |
[INFO] [stdout] 
[INFO] [stdout] 
[INFO] [stdout] warning: unused doc comment
[INFO] [stdout]  --> src/encode/mod.rs:6:5
[INFO] [stdout]   |
[INFO] [stdout] 6 |     /// reads in an image
[INFO] [stdout]   |     ^^^^^^^^^^^^^^^^^^^^^ rustdoc does not generate documentation for macro invocations
[INFO] [stdout]   |
[INFO] [stdout]   = help: to document an item produced by a macro, the macro must produce the documentation as part of its expansion
[INFO] [stdout]   = note: `#[warn(unused_doc_comments)]` on by default
[INFO] [stdout] 
[INFO] [stdout] 
[INFO] [stdout] error: aborting due to 2 previous errors; 1 warning emitted
[INFO] [stdout] 
[INFO] [stdout] 
[INFO] [stdout] Some errors have detailed explanations: E0412, E0432.
[INFO] [stdout] 
[INFO] [stdout] For more information about an error, try `rustc --explain E0412`.
[INFO] [stdout] 
[INFO] [stderr] error: could not compile `sstv` (lib test) due to 3 previous errors; 1 warning emitted
[INFO] running `Command { std: "docker" "inspect" "499b7601abebe220395d9f53432017d9bd14f333b7e8024a8fb006a4cc1de45c", kill_on_drop: false }`
[INFO] running `Command { std: "docker" "rm" "-f" "499b7601abebe220395d9f53432017d9bd14f333b7e8024a8fb006a4cc1de45c", kill_on_drop: false }`
[INFO] [stdout] 499b7601abebe220395d9f53432017d9bd14f333b7e8024a8fb006a4cc1de45c
